sor of 3997 and 412020?
7
What is the greatest common factor of 7898316 and 60?
12
Calculate the highest common divisor of 7663176 and 8.
8
Calculate the highest common divisor of 3740 and 222445.
85
What is the greatest common factor of 103260288 and 76?
76
Calculate the highest common factor of 940 and 360020.
940
Calculate the highest common divisor of 53964663 and 3.
3
What is the highest common factor of 1016358 and 11142?
6
Calculate the highest common factor of 298 and 18338473.
149
Calculate the highest common factor of 31199 and 26804398.
4457
Calculate the greatest common divisor of 21252199 and 67.
67
What is the greatest common divisor of 118 and 98010?
2
Calculate the highest common factor of 2102243 and 610.
61
What is the highest common factor of 835196 and 256?
4
Calculate the highest common divisor of 666343 and 1869.
89
What is the highest common divisor of 881809 and 57?
19
Calculate the highest common factor of 38 and 10688469.
19
What is the highest common factor of 7392 and 84469?
77
Calculate the greatest common divisor of 57 and 25872433.
19
What is the highest common factor of 224 and 399637?
7
Calculate the greatest common divisor of 2414300 and 3175.
25
Calculate the greatest common factor of 4212 and 1334110284.
1404
What is the highest common factor of 120 and 73635?
15
Calculate the highest common divisor of 88436292 and 21.
21
What is the greatest common divisor of 107609401 and 1798?
899
What is the highest common factor of 822043 and 5267?
23
Calculate the highest common factor of 2821058 and 215.
43
Calculate the highest common divisor of 964 and 23229508.
964
What is the greatest common factor of 8517 and 3309186?
51
What is the greatest common divisor of 4963236 and 6038?
6038
What is the highest common factor of 40481600 and 1000?
200
What is the highest common factor of 9 and 579532467?
3
What is the highest common factor of 3560 and 195977110?
890
Calculate the greatest common divisor of 14076717 and 7719.
249
Calculate the greatest common factor of 532 and 44681084.
532
What is the highest common divisor of 186874 and 61174?
838
What is the highest common divisor of 34656 and 17943866?
722
Calculate the greatest common divisor of 54 and 17438526.
18
What is the highest common divisor of 1742134 and 72360?
134
What is the highest common divisor of 231989 and 215491?
113
Calculate the greatest common factor of 3034 and 282556420.
3034
What is the greatest common factor of 11065586 and 670?
134
What is the highest common divisor of 358407163 and 487?
487
What is the highest common divisor of 12336078 and 167214?
5394
Calculate the greatest common factor of 23857623 and 1692.
423
What is the highest common factor of 13160 and 130760?
280
What is the highest common factor of 26325639 and 1173?
1173
Calculate the highest common divisor of 50446 and 3326.
2
What is the greatest common factor of 679784 and 122?
122
What is the highest common factor of 117084654 and 12?
6
Calculate the greatest common divisor of 1625 and 3460275.
325
Calculate the greatest common factor of 313332976 and 352.
176
What is the highest common factor of 893 and 277441?
47
Calculate the greatest common factor of 377619435 and 159.
159
Calculate the greatest common divisor of 27186344 and 17658.
218
Calculate the highest common divisor of 19856367 and 27.
27
Calculate the highest common factor of 53686760 and 4351.
229
Calculate the greatest common divisor of 19318 and 687674.
26
Calculate the greatest common divisor of 7975440 and 3465.
495
Calculate the highest common factor of 72 and 25207536.
24
What is the greatest common divisor of 2919076 and 1504?
188
Calculate the highest common divisor of 23769081 and 189.
63
Calculate the highest common divisor of 10129294 and 61.
61
What is the highest common divisor of 264 and 10077?
3
What is the highest common divisor of 22841916 and 8556?
372
Calculate the highest common divisor of 54499362 and 354.
354
Calculate the highest common divisor of 1380088 and 6179.
167
Calculate the highest common factor of 1406 and 57094316.
38
Calculate the highest common divisor of 165771370 and 4110.
1370
What is the greatest common factor of 13830 and 2048850?
30
Calculate the greatest common factor of 9747150 and 140.
70
What is the highest common factor of 308 and 26579630?
154
Calculate the greatest common divisor of 49300627 and 5804.
1451
Calculate the greatest common factor of 6022604 and 28.
28
Calculate the greatest common divisor of 1127013718 and 58.
58
What is the greatest common factor of 217 and 743302?
7
Calculate the highest common factor of 1955 and 9348235.
115
Calculate the highest common divisor of 50 and 88232350.
50
What is the greatest common divisor of 13497484 and 104?
52
What is the highest common divisor of 219505 and 293215?
65
What is the highest common factor of 2376 and 330858?
594
Calculate the highest common divisor of 657262 and 7750.
62
What is the highest common factor of 3882920 and 360?
40
What is the greatest common factor of 370926 and 179550?
54
Calculate the highest common factor of 6479980 and 780.
260
Calculate the highest common factor of 290 and 313195.
5
What is the highest common factor of 7425 and 25388?
11
Calculate the greatest common divisor of 264518 and 2318.
38
What is the greatest common divisor of 120 and 1851540?
60
Calculate the highest common divisor of 24 and 1271500968.
24
Calculate the greatest common divisor of 21 and 891086.
7
Calculate the greatest common factor of 38 and 13072798.
38
Calculate the greatest common factor of 1395 and 294503193.
279
Calculate the greatest common factor of 381133 and 5035321.
1679
What is the highest common factor of 10840371 and 111?
111
What is the highest common divisor of 68415671 and 71?
71
What is the highest common factor of 24441 and 22551?
3
What is the highest common divisor of 1233 and 43991659?
137
Calculate the highest common divisor of 369375 and 3016875.
1875
Calculate the greatest common divisor of 158063 and 2684667.
601
Calculate the highest common factor of 33 and 3399176.
11
Calculate the highest common divisor of 2919 and 789586581.
2919
What is the greatest common divisor of 43055198 and 3219?
1073
Calculate the highest common factor of 4132919 and 3515460.
4507
What is the highest common divisor of 15048 and 14881104?
1368
What is the greatest common factor of 415 and 584405?
5
Calculate the greatest common divisor of 9026143 and 4094.
23
What is the highest common factor of 14880 and 1269240?
120
Calculate the highest common factor of 37875390 and 10653.
159
Calculate the highest common divisor of 212224 and 28208.
16
What is the greatest common factor of 6248 and 204952?
88
Calculate the greatest common factor of 340 and 23102660.
340
What is the greatest common divisor of 3968 and 99431136?
992
What is the greatest common factor of 208650 and 23895?
15
Calculate the greatest common factor of 41394446 and 101.
101
Calculate the greatest common factor of 70546 and 25028713.
5039
Calculate the highest common factor of 2009 and 5630735.
41
What is the highest common divisor of 1220644 and 32882?
802
What is the greatest common divisor of 112 and 2675722?
14
What is the highest common factor of 522349 and 44426?
229
Calculate the highest common divisor of 1870 and 69709420.
110
Calculate the highest common factor of 360 and 361791.
9
Calculate the highest common factor of 355 and 1690195.
5
Calculate the highest common divisor of 1620 and 2108626020.
1620
Calculate the highest common factor of 28291242 and 2212.
14
What is the greatest common factor of 269405235 and 10020?
2505
Calculate the greatest common divisor of 567 and 398412.
189
Calculate the highest common divisor of 30621 and 6779631.
177
What is the greatest common divisor of 430906 and 1253?
7
Calculate the highest common factor of 2548 and 401065.
49
What is the greatest common divisor of 2704527 and 68292?
63
What is the greatest common divisor of 7904 and 32494332?
988
Calculate the greatest common factor of 739190 and 88780.
1930
What is the greatest common divisor of 108784 and 23?
1
Calculate the highest common divisor of 320710719 and 4803.
4803
Calculate the greatest common divisor of 1840 and 136236245.
115
Calcu